mber?
True
Is 1069276021 a composite number?
True
Is 1270553 a prime number?
False
Is 1076038 prime?
False
Is 3118789 a prime number?
True
Is 52750673 prime?
False
Is 244189241 a prime number?
False
Is 3623647 a composite number?
True
Is 117379841 a prime number?
False
Is 10374631 a prime number?
True
Is 162196339 prime?
True
Is 911801 composite?
True
Is 365015465 a composite number?
True
Is 39863501 a composite number?
True
Is 11027 prime?
True
Is 444271 prime?
True
Is 1911787 a prime number?
True
Is 99524041 composite?
False
Is 55785493 a composite number?
False
Is 33280349 a prime number?
True
Is 576733643 a prime number?
False
Is 35438818 prime?
False
Is 453451447 a composite number?
False
Is 547034633 prime?
True
Is 25826951 prime?
True
Is 120119 a prime number?
False
Is 53718803 a composite number?
True
Is 72857531 a prime number?
True
Is 899111 prime?
False
Is 5159023 prime?
True
Is 16079837 composite?
False
Is 36433 prime?
True
Is 100313762 a prime number?
False
Is 35143067 composite?
False
Is 7165879 prime?
False
Is 1659211 a prime number?
True
Is 2076043 prime?
True
Is 16323509 a prime number?
True
Is 167711 prime?
True
Is 11306017 a composite number?
False
Is 66943789 a composite number?
True
Is 218938739 a composite number?
True
Is 631933 composite?
True
Is 1324088471 a prime number?
False
Is 90078949 composite?
False
Is 706493 a prime number?
False
Is 1538167 composite?
False
Is 1729543 a prime number?
True
Is 174628519 prime?
False
Is 143316457 a prime number?
True
Is 7577263 prime?
True
Is 51353249 a prime number?
True
Is 32098263 a prime number?
False
Is 12427403 a prime number?
True
Is 84355457 composite?
False
Is 2309987 prime?
False
Is 643487 a prime number?
False
Is 65081311 a prime number?
False
Is 4404731 composite?
False
Is 1060267 prime?
False
Is 6119999 a prime number?
False
Is 502591 a composite number?
False
Is 687209 a composite number?
True
Is 204973 a composite number?
False
Is 163898387 a composite number?
False
Is 6009253 a prime number?
True
Is 1887673 composite?
True
Is 409779649 composite?
False
Is 6364219 composite?
True
Is 18849601 a prime number?
True
Is 60063713 a composite number?
False
Is 17634889 prime?
True
Is 23299057 a prime number?
False
Is 314125607 a prime number?
True
Is 97607129 prime?
False
Is 100455517 a prime number?
False
Is 42680807 prime?
False
Is 178269263 composite?
True
Is 321876013 a composite number?
False
Is 9030763 a prime number?
False
Is 29483 prime?
True
Is 1543007 a composite number?
False
Is 5583287 prime?
True
Is 207652166 composite?
True
Is 256419979 prime?
False
Is 18774151 a prime number?
False
Is 31926955 a composite number?
True
Is 3594485 composite?
True
Is 28465721 a composite number?
False
Is 24025205 prime?
False
Is 305434337 a prime number?
False
Is 85846841 composite?
False
Is 42462569 prime?
False
Is 11996989 a composite number?
True
Is 6472577 composite?
False
Is 17533517 a composite number?
False
Is 3608039 a composite number?
False
Is 5847659 a prime number?
False
Is 7304353 composite?
True
Is 6807566 a prime number?
False
Is 23312441 prime?
True
Is 25595347 a prime number?
False
Is 97729 a prime number?
True
Is 10660927 composite?
False
Is 1612759 prime?
True
Is 41433751 composite?
True
Is 34495451 prime?
True
Is 435956579 a prime number?
False
Is 2862163 a prime number?
True
Is 2792617 a prime number?
True
Is 2363741 composite?
False
Is 803141 a prime number?
True
Is 23899 composite?
False
Is 30321217 prime?
False
Is 133074671 a prime number?
False
Is 251117 composite?
False
Is 17302691 a composite number?
True
Is 37547005 a composite number?
True
Is 22025371 prime?
True
Is 22444057 prime?
False
Is 91884509 a prime number?
True
Is 1453691606 composite?
True
Is 2176033 a prime number?
True
Is 1917959 a prime number?
True
Is 78611107 a composite number?
False
Is 4164233 prime?
True
Is 85215349 composite?
True
Is 6443677 a composite number?
False
Is 22684787 composite?
False
Is 6729313 composite?
False
Is 5678173 prime?
True
Is 331158821 composite?
True
Is 2524723 prime?
True
Is 92399123 composite?
False
Is 239002321 composite?
True
Is 638810409 a prime number?
False
Is 9667739 a composite number?
False
Is 9334243 a prime number?
True
Is 6777415 composite?
True
Is 248983477 a composite number?
False
Is 22756465 composite?
True
Is 1182509 prime?
True
Is 14825959 a composite number?
False
Is 2066199253 composite?
False
Is 1387382 prime?
False
Is 9031153 a prime number?
True
Is 2733589 composite?
False
Is 4523005 prime?
False
Is 1287815729 composite?
True
Is 355510403 a composite number?
True
Is 9566293 prime?
False
Is 13578587 a composite number?
True
Is 204707 prime?
True
Is 315787001 prime?
True
Is 2028091 composite?
True
Is 128769 prime?
False
Is 5774773 composite?
True
Is 307069661 composite?
True
Is 16455407 composite?
True
Is 73117666 a prime number?
False
Is 36049237 a composite number?
True
Is 3881543 a prime number?
True
Is 236986679 a composite number?
True
Is 675643 a prime number?
True
Is 1935881 a prime number?
True
Is 183171893 a prime number?
True
Is 251018639 a prime number?
True
Is 970201 composite?
False
Is 861079 composite?
False
Is 26573579 prime?
False
Is 8856121 prime?
True
Is 36077117 composite?
False
Is 450055643 a prime number?
True
Is 45371567 a prime number?
False
Is 65713141 a composite number?
True
Is 125376001 a prime number?
True
Is 104903987 a composite number?
False
Is 1137451 a prime number?
False
Is 245741 composite?
False
Is 13739161 composite?
False
Is 30437137 a composite number?
False
Is 5713865 composite?
True
Is 6759529 a prime number?
False
Is 10649539 composite?
True
Is 3674129 a prime number?
True
Is 191669 composite?
False
Is 120547783 prime?
True
Is 3488911 a prime number?
False
Is 9123133 prime?
True
Is 7871573 prime?
True
Is 481894343 a prime number?
False
Is 82942142 a composite number?
True
Is 21652379 composite?
True
Is 114311 a composite number?
False
Is 16172569 prime?
False
Is 298703021 a composite number?
True
Is 14079971 composite?
False
Is 24364891 composite?
False
Is 1185149 prime?
False
Is 70456043 prime?
False
Is 72480351 prime?
False
Is 13666189 a prime number?
True
Is 13130303 a prime number?
False
Is 463623733 a composite number?
False
Is 45530395 prime?
False
Is 1491041 prime?
True
Is 698943403 composite?
False
Is 21432679 composite?
False
Is 1778599 a prime number?
False
Is 15917851 composite?
False
Is 49 a prime number?
False
Is 1045886 a composite number?
True
Is 133529098 a prime number?
False
Is 9705587 a composite number?
True
Is 4539887 a prime number?
False
Is 83339 a composite number?
False
Is 2849785 a composite number?
True
Is 306525257 a prime number?
False
Is 2505941 composite?
True
Is 44485567 prime?
False
Is 53171 prime?
True
Is 516631 a prime number?
False
Is 20063371 composite?
True
Is 290641033 a composite number?
True
Is 47260093 a composite number?
False
Is 4190539 prime?
False
Is 4611719 composite?
True
Is 1562753 composite?
False
Is 5394533 prime?
False
Is 22952263 a prime number?
True
Is 528874 composite?
True
Is 24970713 prime?
False
Is 26130974 a prime number?
False
Is 626024317 prime?
False
Is 2723611 composite?
True
Is 2970839 prime?
False
Is 3426589 a composite number?
True
Is 32242433 prime?
True
Is 350753 composite?
True
Is 1252021 a prime number?
True
Is 562083109 a prime number?
False
Is 8354855 composite?
True
Is 604711 prime?
True
Is 588703 a composite number?
False
Is 71246081 a prime number?
False
Is 1148603 a composite number?
True
Is 245885407 a composite number?
False
Is 23069993 a prime number?
False
Is 13225213 a composite number?
False
Is 1191973 prime?
True
Is 510299 a composite number?
False
Is 895187497 a composite number?
False
Is 67979 composite?
False
Is 1761335 a composite number?
True
Is 154543 composite?
False
Is 303103 a composite number?
True
Is 21878831 prime?
False
Is 36223513 composite?
True
Is 2998157 a composite number?
True
Is 32729 prime?
False
Is 4260799 composite?
False
Is 14874647 prime?
True
Is 10951813 a prime number?
True
Is 241903 a composite number?
False
Is 40274951 prime?
True
Is 8533383 a composite number?
True
Is 308362171 composite?
True
Is 664649 a composite number?
True
Is 11278519 composite?
True
Is 133241 composite?
Fals